9
List the prime factors of 387467636.
2, 31, 673, 4643
List the prime factors of 3636744865.
5, 13, 55949921
What are the prime factors of 228864090?
2, 3, 5, 7, 13, 83833
What are the prime factors of 2989036781?
17, 175825693
List the prime factors of 41426976.
2, 3, 37, 107, 109
List the prime factors of 374410996.
2, 29, 3227681
What are the prime factors of 55625293?
19, 23, 127289
List the prime factors of 1713385535.
5, 342677107
What are the prime factors of 238293535?
5, 19, 73, 34361
What are the prime factors of 19099994?
2, 71, 134507
List the prime factors of 3144991051.
3144991051
List the prime factors of 88673143.
13, 6821011
List the prime factors of 1778706601.
7, 2273, 111791
List the prime factors of 437922373.
7, 62560339
What are the prime factors of 3239563048?
2, 73, 75989
What are the prime factors of 188648108?
2, 11, 4287457
List the prime factors of 38834779.
38834779
List the prime factors of 1295019812.
2, 17, 317, 60077
What are the prime factors of 1606805126?
2, 239, 3361517
What are the prime factors of 8603745?
3, 5, 61, 9403
List the prime factors of 208062995.
5, 7, 433, 13729
What are the prime factors of 91854504?
2, 3, 7, 59, 3089
List the prime factors of 166099045.
5, 7, 19, 101, 2473
What are the prime factors of 2842998172?
2, 7, 103, 985783
List the prime factors of 199090111.
11, 17, 1064653
List the prime factors of 28057574.
2, 997, 14071
List the prime factors of 33175721.
17, 53, 36821
List the prime factors of 1665390348.
2, 3, 23, 670447
What are the prime factors of 115911232?
2, 31, 37, 1579
What are the prime factors of 1439613429?
3, 19231, 24953
List the prime factors of 1173622647.
3, 19, 37, 556483
What are the prime factors of 128662532?
2, 32165633
What are the prime factors of 2415463?
2415463
What are the prime factors of 45664592?
2, 2854037
List the prime factors of 44363108.
2, 31, 357767
What are the prime factors of 189955748?
2, 47488937
What are the prime factors of 809774366?
2, 29, 43, 324689
What are the prime factors of 123507701?
123507701
List the prime factors of 43188319.
23, 1877753
What are the prime factors of 57782758?
2, 11, 607, 4327
What are the prime factors of 149222208?
2, 3, 777199
What are the prime factors of 347500478?
2, 13, 587, 22769
List the prime factors of 2934483132.
2, 3, 7, 107, 163, 2003
List the prime factors of 77906291.
17, 4582723
What are the prime factors of 365634745?
5, 7, 67, 155921
What are the prime factors of 7192567?
43, 167269
List the prime factors of 2220767660.
2, 5, 111038383
What are the prime factors of 281082341?
709, 396449
List the prime factors of 697038611.
127, 2309, 2377
List the prime factors of 711595527.
3, 181, 1310489
What are the prime factors of 145998787?
11, 13272617
What are the prime factors of 79808051?
79808051
What are the prime factors of 63351308?
2, 571, 27737
What are the prime factors of 149966175?
3, 5, 1999549
What are the prime factors of 426099093?
3, 7, 337, 60209
What are the prime factors of 5345323?
5345323
What are the prime factors of 416162115?
3, 5, 23, 402089
What are the prime factors of 1462384279?
1462384279
What are the prime factors of 688719832?
2, 389, 221311
List the prime factors of 141314444.
2, 157, 225023
What are the prime factors of 2820411087?
3, 13, 23, 241867
What are the prime factors of 53933960?
2, 5, 599, 2251
What are the prime factors of 886998316?
2, 61, 3635239
What are the prime factors of 3115203064?
2, 19, 20494757
What are the prime factors of 28553167?
53, 538739
List the prime factors of 511526724.
2, 3, 61, 157, 4451
List the prime factors of 125841448.
2, 1483, 10607
List the prime factors of 162224987.
41, 439, 9013
List the prime factors of 1198803464.
2, 2621, 57173
What are the prime factors of 277375979?
1427, 194377
List the prime factors of 160663260.
2, 3, 5, 17, 157513
What are the prime factors of 793328710?
2, 5, 701, 113171
What are the prime factors of 19226083?
73, 103, 2557
List the prime factors of 2787872433.
3, 929290811
List the prime factors of 857525721.
3, 13, 23, 955993
What are the prime factors of 2188723853?
14891, 146983
List the prime factors of 15467376.
2, 3, 322237
What are the prime factors of 93494342?
2, 46747171
List the prime factors of 8914065838.
2, 17, 137, 409, 4679
What are the prime factors of 117237467?
19, 101, 199, 307
List the prime factors of 8668636.
2, 19, 167, 683
List the prime factors of 38259030.
2, 3, 5, 229, 5569
List the prime factors of 6338042098.
2, 3169021049
List the prime factors of 110935840.
2, 5, 109, 6361
What are the prime factors of 177729204?
2, 3, 37, 400291
List the prime factors of 771581117.
101, 7639417
What are the prime factors of 39629484?
2, 3, 1009, 1091
What are the prime factors of 2419023833?
2419023833
List the prime factors of 5270750562.
2, 3, 7, 11, 229, 647
List the prime factors of 1804430803.
7, 257775829
What are the prime factors of 288185965?
5, 57637193
What are the prime factors of 2405955214?
2, 13, 97, 953987
What are the prime factors of 213002719?
213002719
What are the prime factors of 38853018?
2, 3, 2158501
List the prime factors of 4916838197.
89, 3943, 14011
What are the prime factors of 15746997?
3, 7, 271, 2767
What are the prime factors of 18685885?
5, 3737177
What are the prime factors of 1322499001?
1322499001
List the prime factors of 2168043516.
2, 3, 20074477
What are the prime factors of 710140574?
2, 11, 13, 29, 85621
What are the prime factors of 1877686974?
2, 3, 109, 149, 2141
List the prime factors of 52164108.
2, 3, 547, 883
List the prime factors of 178223808.
2, 3, 7, 132607
What are the prime factors of 132430347?
3, 7, 2102069
List the prime factors of 871930286.
2, 2029, 214867
What are the prime factors of 75004031?
75004031
What are the prime factors of 139385824?
2, 19, 229253
List the prime factors of 5037867369.
3, 97, 127, 45439
List the prime factors of 3272604.
2, 3, 272717
What are the prime factors of 83212320?
2, 3, 5, 173359
What are the prime factors of 4150355161?
10193, 407177
What are the prime factors of 646784528?
2, 13, 3109541
List the prime factors of 90570160.
2, 5, 157, 7211
List the prime factors of 42794275.
5, 157, 10903
List the prime factors of 320498137.
19, 16868323
What are the prime factors of 1035635245?
5, 7817, 26497
List the prime factors of 60624612.
2, 3, 97, 643
What are the prime factors of 577350704?
2, 7, 5154917
List the prime factors of 36597192.
2, 3, 17, 19, 4721
What are the prime factors of 179567524?
2, 44891881
What are the prime factors of 1195492338?
2, 3, 59, 375233
List the prime factors of 747098906.
2, 1061, 352073
List the prime factors of 3018967916.
2, 17, 607, 73141
List the prime factors of 5076762581.
11, 17, 27148463
List the prime factors of 1060430159.
21611, 49069
List the prime factors of 16665267.
3, 53, 281, 373
List the prime factors of 1183969712.
2, 23, 139883
What are the prime factors of 41986941?
3, 19, 131, 5623
What are the prime factors of 2594439874?
2, 13, 433, 230453
List the prime factors of 1469623287.
3, 11, 4048549
List the prime factors of 46924170.
2, 3, 5, 1564139
What are the prime factors of 2325408290?
2, 5, 19, 12238991
What are the prime factors of 733323107?
11, 19, 67, 52369
What are the prime factors of 108942547?
7, 1621, 9601
What are the prime factors of 2671446543?
3, 890482181
List the prime factors of 19135277.
7, 31, 109, 809
What are the prime factors of 160462023?
3, 53487341
What are the prime factors of 72014877?
3, 11, 439, 1657
List the prime factors of 1086167191.
1086167191
List the prime factors of 969463819.
41, 3767, 6277
List the prime factors of 294363617.
4019, 73243
What are the prime factors of 40228284?
2, 3, 587, 5711
List the prime factors of 128146552.
2, 181, 88499
List the prime factors of 834945175.
5, 33397807
What are the prime factors of 661922979?
3, 1831, 120503
What are the prime factors of 61249433?
7, 127, 68897
List the prime factors of 24529129.
2153, 11393
List the prime factors of 1103978791.
277, 397, 10039
What are the prime factors of 133460043?
3, 41, 349, 3109
What are the prime factors of 25309648?
2, 7, 13, 17383
List the prime factors of 115545372.
2, 3, 353, 27277
What are the prime